on factor of 92850 and 150.
150
What is the greatest common divisor of 424 and 160696?
424
Calculate the highest common divisor of 15865 and 85.
5
Calculate the highest common factor of 304 and 13414.
38
What is the highest common factor of 713 and 36301?
31
What is the highest common divisor of 79688 and 56?
56
Calculate the highest common divisor of 122 and 7104121.
61
What is the highest common divisor of 198284 and 19?
19
What is the highest common divisor of 13470 and 1210?
10
What is the highest common factor of 858 and 4870294?
286
What is the highest common factor of 177 and 163135?
59
Calculate the greatest common divisor of 325420 and 795.
265
Calculate the highest common divisor of 1474221 and 21.
21
Calculate the highest common divisor of 588 and 324.
12
What is the highest common divisor of 19 and 2299?
19
Calculate the greatest common divisor of 6604 and 18542.
254
What is the highest common divisor of 664 and 623164?
332
Calculate the greatest common divisor of 6138 and 9393.
93
Calculate the greatest common factor of 221 and 185861.
221
What is the greatest common divisor of 25695 and 30?
15
Calculate the highest common factor of 3190 and 21560.
110
What is the highest common divisor of 828 and 684?
36
Calculate the highest common divisor of 684 and 216486.
342
What is the greatest common factor of 60 and 2645680?
20
Calculate the greatest common divisor of 720535 and 265.
265
Calculate the highest common factor of 1350191 and 51.
17
Calculate the highest common divisor of 9045 and 3051.
27
What is the greatest common factor of 75545 and 34907?
521
What is the highest common divisor of 6672 and 4002?
6
Calculate the highest common factor of 38797 and 11.
11
What is the greatest common divisor of 1026 and 8094?
114
Calculate the highest common factor of 895 and 98629.
179
Calculate the greatest common divisor of 949080 and 30.
30
Calculate the greatest common factor of 9345 and 48.
3
Calculate the highest common divisor of 3484746 and 72.
18
Calculate the greatest common divisor of 4108 and 121028.
316
What is the greatest common divisor of 276 and 92?
92
Calculate the highest common divisor of 54 and 1109808.
54
Calculate the highest common factor of 160250 and 1750.
250
What is the highest common factor of 24075 and 1425?
75
Calculate the highest common divisor of 400 and 25200.
400
What is the highest common factor of 154539 and 3267?
99
What is the highest common factor of 98336 and 1792?
224
What is the highest common divisor of 128 and 690?
2
Calculate the greatest common divisor of 196 and 4949.
49
Calculate the greatest common factor of 11060 and 175.
35
Calculate the greatest common divisor of 14 and 59941.
7
What is the highest common factor of 1156 and 1717?
17
What is the greatest common divisor of 38996 and 4?
4
What is the highest common divisor of 6881932 and 232?
116
Calculate the greatest common divisor of 760 and 1021820.
380
Calculate the greatest common divisor of 206028 and 1180.
236
Calculate the greatest common factor of 61187 and 35.
7
What is the greatest common factor of 81 and 15208803?
81
What is the greatest common factor of 1130 and 17063?
113
What is the greatest common divisor of 10 and 64290?
10
Calculate the greatest common divisor of 16365 and 2550.
15
What is the highest common factor of 3978 and 10764?
234
What is the highest common divisor of 170 and 20585?
5
What is the highest common divisor of 268481 and 5491?
289
What is the greatest common factor of 130 and 955?
5
Calculate the greatest common factor of 6228 and 635948.
692
Calculate the greatest common divisor of 26 and 512980.
26
What is the greatest common factor of 156 and 26598?
78
Calculate the greatest common divisor of 712708 and 470.
94
Calculate the greatest common factor of 617225 and 315.
35
Calculate the greatest common factor of 12775 and 4725.
175
What is the greatest common factor of 551926 and 2?
2
What is the highest common factor of 7972315 and 65?
65
What is the highest common factor of 363424 and 8?
8
Calculate the highest common divisor of 720 and 5724.
36
Calculate the highest common factor of 1265313 and 623.
623
What is the highest common divisor of 1692 and 72380?
188
What is the greatest common divisor of 2888 and 10032?
152
Calculate the highest common divisor of 1776 and 45.
3
Calculate the greatest common factor of 46155 and 1086.
543
Calculate the highest common divisor of 339948 and 285.
57
Calculate the highest common factor of 60066 and 710.
142
What is the highest common factor of 49 and 1354885?
7
Calculate the greatest common divisor of 126336 and 696.
24
Calculate the highest common factor of 120 and 9966840.
120
What is the highest common divisor of 109908 and 1988?
284
What is the greatest common divisor of 13945 and 70?
5
Calculate the highest common divisor of 1552 and 16102.
194
What is the highest common divisor of 1085 and 90?
5
Calculate the greatest common factor of 2470 and 1368874.
494
Calculate the highest common divisor of 11244 and 51.
3
Calculate the highest common factor of 27999 and 45628.
1037
What is the highest common divisor of 3398876 and 6416?
1604
What is the highest common factor of 48420 and 30?
30
Calculate the highest common divisor of 71725 and 19.
19
What is the greatest common divisor of 2385 and 8253?
9
What is the highest common factor of 928 and 4112?
16
What is the highest common factor of 24076 and 12501?
463
Calculate the greatest common factor of 534752 and 64.
32
What is the greatest common divisor of 762790 and 952?
238
Calculate the greatest common divisor of 704 and 93104.
176
What is the highest common divisor of 71250 and 240?
30
Calculate the greatest common factor of 6290040 and 4770.
1590
What is the greatest common factor of 16378 and 266?
38
What is the greatest common divisor of 873 and 23183?
97
What is the greatest common factor of 2301 and 15340?
767
Calculate the greatest common divisor of 1659 and 238343.
553
What is the highest common factor of 39 and 6396208?
13
What is the highest common divisor of 19848 and 888?
24
What is the highest common divisor of 1288 and 1909?
23
What is the greatest common factor of 4104 and 93879?
513
Calculate the highest common factor of 33400 and 305944.
1336
What is the highest common divisor of 76650 and 3?
3
What is the greatest common divisor of 177136 and 6?
2
What is the highest common factor of 12285 and 60?
15
What is the highest common factor of 36 and 34512?
12
Calculate the highest common divisor of 2240 and 1932160.
320
What is the highest common divisor of 60949 and 217?
7
Calculate the greatest common divisor of 156 and 192036.
156
Calculate the greatest common factor of 350 and 2408.
14
Calculate the highest common factor of 440 and 506330.
110
Calculate the greatest common factor of 7400 and 5400.
200
What is the greatest common factor of 47882 and 3026?
178
Calculate the greatest common factor of 2 and 15797.
1
Calculate the highest common factor of 79402 and 145928.
2146
Calculate the highest common factor of 289172 and 2988.
332
What is the highest common divisor of 163620 and 7560?
540
Calculate the greatest common factor of 2464 and 1725696.
224
What is the greatest common factor of 351101 and 38?
19
Calculate the greatest common factor of 944 and 188.
4
What is the greatest common factor of 8684 and 966596?
668
What is the greatest common factor of 1080 and 13095?
135
Calculate the greatest common factor of 714 and 456603.
357
Calculate the greatest common divisor of 11711 and 1617.
49
Calculate the highest common factor of 433268 and 88.
44
What is the greatest common divisor of 40 and 126760?
40
What is the highest common factor of 514791 and 846?
423
What is the highest common divisor of 3 and 277377?
3
Calculate the greatest common factor of 10013 and 1064.
19
Calculate the highest common factor of 992 and 2234976.
992
Calculate the highest common divisor of 315 and 310779.
63
Calculate the highest common factor of 25403 and 1146.
191
What is the greatest common factor of 356 and 49306?
178
Calculate the highest common divisor of 84544 and 176.
16
Calculate the highest common divisor of 240 and 119220.
60
What is the greatest common factor of 32 and 83872?
32
What is the highest com